{"id":3563,"date":"2010-03-02T20:37:33","date_gmt":"2010-03-02T23:37:33","guid":{"rendered":"http:\/\/www.fernandoquadro.com.br\/html\/?page_id=3563"},"modified":"2026-04-22T17:51:15","modified_gmt":"2026-04-22T20:51:15","slug":"postgis","status":"publish","type":"page","link":"https:\/\/www.fernandoquadro.com.br\/html\/open-source-gis\/postgis\/","title":{"rendered":"PostGIS"},"content":{"rendered":"<p>O PostGIS foi desenvolvido pela canadense Refractions Researches como um projeto opensource para adicionar suporte a objetos geogr\u00e1ficos ao banco de dados relacional PostgreSQL. De fato, o PostGIS &#8220;espacializa&#8221; os dados do servidor PostgreSQL, permitindo que ele seja usado como um banco de dados espacial para os sistemas de informa\u00e7\u00e3o geogr\u00e1fica (SIG), bem como o SDE da ESRI ou extens\u00e3o Oracle Spatial. Segue o padr\u00e3o OpenGIS &#8220;Simple Features Specification for SQL&#8221; e \u00e9 certificado como compat\u00edvel com os &#8220;tipos e fun\u00e7\u00f5es&#8221; definidos no padr\u00e3o.<\/p>\n<p>\u00c9 liberado sob a licen\u00e7a GNU General Public License. O desenvolvimento do PostGIS \u00e9 continuo, e desde ent\u00e3o foram acrescentados instrumentos de interface de usu\u00e1rio, suporte a topologia b\u00e1sica, valida\u00e7\u00e3o de dados, transforma\u00e7\u00e3o de coordenadas, APIs de programa\u00e7\u00e3o e muito mais. <\/p>\n<p>Abaixo segue uma apostila que na verdade \u00e9 uma introdu\u00e7\u00e3o ao PostGIS, mostrando um pouco sobre suas funcionalidades, fun\u00e7\u00f5es, dentre outras coisas. Se voc\u00ea quiser <a href=\"http:\/\/www.fernandoquadro.com.br\/html\/wp-content\/plugins\/download-monitor\/download.php?id=5\">baixar este arquivo, basta clicar aqui.<\/a><\/p>\n<p><iframe loading=\"lazy\" src=\"\/\/www.slideshare.net\/slideshow\/embed_code\/key\/oOj9yNiTVhJOV3\" width=\"595\" height=\"485\" frameborder=\"0\" marginwidth=\"0\" marginheight=\"0\" scrolling=\"no\" style=\"border:1px solid #CCC; border-width:1px; margin-bottom:5px; max-width: 100%;\" allowfullscreen> <\/iframe> <\/p>\n<div style=\"margin-bottom:5px\"> <strong> <a href=\"\/\/www.slideshare.net\/fernandoquadro\/introduo-ao-postgis\" title=\"Introdu\u00e7\u00e3o ao PostGIS\" target=\"_blank\" rel=\"noopener\">Introdu\u00e7\u00e3o ao PostGIS<\/a> <\/strong> from <strong><a href=\"\/\/www.slideshare.net\/fernandoquadro\" target=\"_blank\" rel=\"noopener\">Fernando Quadro<\/a><\/strong> <\/div>\n","protected":false},"excerpt":{"rendered":"<p>O PostGIS foi desenvolvido pela canadense Refractions Researches como um projeto opensource para adicionar suporte a objetos geogr\u00e1ficos ao banco de dados relacional PostgreSQL. De fato, o PostGIS &#8220;espacializa&#8221; os dados do servidor PostgreSQL, permitindo que ele seja usado como&#8230; <a class=\"more-link\" href=\"https:\/\/www.fernandoquadro.com.br\/html\/open-source-gis\/postgis\/\">Continue Reading &rarr;<\/a><\/p>\n","protected":false},"author":275,"featured_media":5335,"parent":10308,"menu_order":3,"comment_status":"open","ping_status":"closed","template":"","meta":{"footnotes":""},"class_list":["post-3563","page","type-page","status-publish","has-post-thumbnail","hentry"],"_links":{"self":[{"href":"https:\/\/www.fernandoquadro.com.br\/html\/wp-json\/wp\/v2\/pages\/3563","targetHints":{"allow":["GET"]}}],"collection":[{"href":"https:\/\/www.fernandoquadro.com.br\/html\/wp-json\/wp\/v2\/pages"}],"about":[{"href":"https:\/\/www.fernandoquadro.com.br\/html\/wp-json\/wp\/v2\/types\/page"}],"author":[{"embeddable":true,"href":"https:\/\/www.fernandoquadro.com.br\/html\/wp-json\/wp\/v2\/users\/275"}],"replies":[{"embeddable":true,"href":"https:\/\/www.fernandoquadro.com.br\/html\/wp-json\/wp\/v2\/comments?post=3563"}],"version-history":[{"count":9,"href":"https:\/\/www.fernandoquadro.com.br\/html\/wp-json\/wp\/v2\/pages\/3563\/revisions"}],"predecessor-version":[{"id":9685,"href":"https:\/\/www.fernandoquadro.com.br\/html\/wp-json\/wp\/v2\/pages\/3563\/revisions\/9685"}],"up":[{"embeddable":true,"href":"https:\/\/www.fernandoquadro.com.br\/html\/wp-json\/wp\/v2\/pages\/10308"}],"wp:featuredmedia":[{"embeddable":true,"href":"https:\/\/www.fernandoquadro.com.br\/html\/wp-json\/wp\/v2\/media\/5335"}],"wp:attachment":[{"href":"https:\/\/www.fernandoquadro.com.br\/html\/wp-json\/wp\/v2\/media?parent=3563"}],"curies":[{"name":"wp","href":"https:\/\/api.w.org\/{rel}","templated":true}]}}